(w).
10
Let y(z) be the third derivative of -z**3 + 0*z + 1/120*z**6 + 0*z**5 + 1/24*z**4 - 5*z**2 + 0. Calculate y(0).
-6
Let d be ((-3)/(-2))/(1/(-4)). Let h(m) be the third derivative of m**5/60 + 7*m**4/24 + 7*m**3/6 + 25*m**2 - 66. Give h(d).
1
Let f(q) be the third derivative of q**4/24 - 5*q**3/6 - 71*q**2. Calculate f(5).
0
Let d(k) = -k**2 - 2. Let t = -506 + 507. Give d(t).
-3
Let r(z) = -2*z**3 + 3*z**2 - 2*z + 2. Let a(m) = -2*m**2 - 15*m - 3. Let k be a(-7). Suppose -3*c - 14 = -5*t, -k*c - 2 + 14 = t. Calculate r(c).
-6
Let x = 25 + -31. Let o(c) be the third derivative of c**6/120 + 7*c**5/60 + c**4/3 + 3*c**3/2 + 4*c**2. Calculate o(x).
-3
Let c(t) = -t - 22. Let j be c(-20). Let w(f) = -f**2 - 6*f - 7. Let m be w(j). Let r(h) = 4*h - 3. Let x(q) = -1. Let s(d) = -r(d) + 2*x(d). Calculate s(m).
-3
Let h(r) = -r**2 - 8*r - 1. Suppose -45 = -3*p + 5*y, 5*p = -2*y + 8 + 36. Let a be 2*(-43)/p + (-6)/(-10). What is h(a)?
-1
Suppose 58*s - 5*s + 530 = 0. Let g(k) = -2*k - 8. Calculate g(s).
12
Let h(j) = j - 6. Let z = -89 + 41. Let y be z/15 - -3 - 42/(-10). Determine h(y).
-2
Let a(t) = -1. Let o(q) = -10*q - 3. Let y(s) = -5*a(s) + o(s). What is y(-3)?
32
Let u(a) be the first derivative of -a**4/2 + 4*a**3/3 - 3*a**2/2 + 833. Let v = -4 - -6. Give u(v).
-6
Suppose -3*t - 45 = -3*n, -10*n + 7*n = -t - 11. Let j(v) = v**2 + 17*v + 24. What is j(t)?
24
Let u be (-2)/10 - 2562/(-610). Let o(f) = 8*f - 7. Determine o(u).
25
Let n(j) = 6 + 13 - 19*j - j**3 + 9 + 4*j + 18*j**2 - 47. Give n(17).
15
Let p(f) = -f**2 + f - 5. Let u = -6 - -8. Suppose -u*b = -10 - 2. Let v be (-3)/b*-2*0. What is p(v)?
-5
Let g(d) = d**2 - 3 + 341*d - 348*d - 2. Give g(4).
-17
Let b(h) = -h**2 + 13*h - 30. Let u be b(11). Let w(m) = -1 + 0 + m + 4. Determine w(u).
-5
Let n be (-105)/10 - 44/(-4). Let j(h) be the first derivative of 3*h - 1/3*h**3 - 1 + n*h**2. What is j(4)?
-9
Let w(v) = -v**2 + v + 5. Suppose 4*p - 5 = 5*j, 0 = 4*p - p - j - 1. What is w(p)?
5
Let t(d) = 7*d**2 + 8*d + 7. Let h(x) = 2*x**2 + x. Let m(c) = -4*h(c) + t(c). Give m(4).
7
Suppose -2*g - v = -58, 3*g = -2*v - 35 + 124. Let q = 26 - g. Let j(l) be the first derivative of -11*l**2/2 - l - 1. What is j(q)?
10
Let j = -7 - -6. Let z = j + 6. Let s(k) = k**2 + 2*k - z*k + 5 - 4*k + 0. What is s(6)?
-1
Let m(r) = r - 11. Let o(x) = -x**3 - 2*x**2 - x + 1. Let s be o(-3). Let q be m(s). Let p(h) = -10 - 2*h**3 - 2*h**2 + 3*h**2 + q + 3*h**3. Determine p(0).
-8
Let r(y) = -y**2 - 5*y - 5. Let m be ((5 - 7) + 4)/(-2) + -4. What is r(m)?
-5
Let c(h) = -4*h + 7*h**2 + 4*h. Let w = -13 - -13. Suppose 7*b - 2*b + 5 = w. What is c(b)?
7
Let n(j) = 15*j + 993. Let f be n(-67). Let d(o) = o**2 + 12*o + 8. Determine d(f).
8
Let h = -365 + 358. Let v(i) = -2*i**3 + 4*i**2 - 3*i - 4. Let z(r) = -3*r**3 + 9*r**2 - 5*r - 7. Let k(w) = 5*v(w) - 3*z(w). What is k(h)?
1
Let d(p) be the first derivative of -p**3/3 + 3*p**2 - 3*p + 1. Suppose -28*t + 81 = -3. What is d(t)?
6
Let i(o) = o**3 + 7*o**2 + 3*o - 8. Let v(j) = j + 1. Let r(a) = a**2 + 5. Let d(n) = -r(n) + 6*v(n). Suppose -35 = -4*l - l. Let s be d(l). What is i(s)?
10
Let v be 8*((-1)/(-4))/((-3)/(-6)). Suppose 4*g + 3*i = -44, -2*g + v*i = -3*g - 24. Let t(m) = 2*m + 9. Determine t(g).
-7
Let c(h) = 2*h**2 + 29*h + 22. Let v be c(-11). Let u = v + 58. Let z(q) = -3*q + 4. What is z(u)?
-5
Let h(s) = s**2 - 11*s + 17. Suppose -86*b + 537 = -151. Calculate h(b).
-7
Let m(i) = -2*i**2 - 32*i + 5. Let f be m(-16). Let j = -5 - -8. Let z(s) = -s**j + 5*s**2 - 6*s - 1 + 5 + s**2. What is z(f)?
-1
Let o(p) be the third derivative of -p**6/120 - p**5/12 + p**4/6 - p**3/2 - 10*p**2. Suppose 7*q - 4*q - d + 15 = 0, -6 = -q + 4*d. Calculate o(q).
9
Let s(x) be the first derivative of -5*x**4/4 - x**3 - x + 3. Let d(l) = 14*l**3 + 9*l**2 + 3. Let f(p) = 6*d(p) + 17*s(p). Let h = 0 - -3. Give f(h).
1
Let a(q) = 1 + 125*q**2 + 133*q**2 - 264*q**2. Suppose 3*l + 5 = 2. Determine a(l).
-5
Let w(h) be the first derivative of 9/2*h**2 + 9*h + 1/4*h**4 - 11/3*h**3 - 22. What is w(10)?
-1
Suppose 13*g - 108 = 4*g. Let l = g - 12. Let d(m) = -m + 4. Determine d(l).
4
Let x(z) be the first derivative of -3/2*z**2 + z - 17. Give x(3).
-8
Suppose -v = -12 + 10. Let l(a) be the second derivative of a**5/20 - a**4/3 + a**3/2 - 3*a**2/2 - 4*a. Calculate l(v).
-5
Suppose 14*a = 40 - 26. Let i(t) = -33*t**2 - t. Calculate i(a).
-34
Let s(y) = y**2 - y + 3. Let m(i) = -4*i**2 + i - 12. Let f(g) = -m(g) - 2*s(g). Give f(-2).
12
Let y(q) = -3*q**2 - 7*q - 2*q**3 + 7*q + 2. Let m be (-10)/(-50) + 268/10. Let n = -29 + m. What is y(n)?
6
Let l(d) = d**2 - 1. Suppose 172 = -4*x - 0*x + 2*g, x - 4*g + 43 = 0. Let b = x + 42. Give l(b).
0
Let l(t) = 2*t - t**2 - 6 + 3*t + 2*t. Suppose 3*v = 2*p + 20, v - 2*p + 22 = 5*v. Calculate l(v).
0
Let k(t) be the first derivative of t**4/4 - 4*t**3/3 - 5*t**2/2 + 17*t - 201. Calculate k(3).
-7
Suppose -5*c = -k - c - 11, 0 = -4*k - 3*c - 6. Let i(y) = -2*y - 1. Determine i(k).
5
Let a(p) = p + 6. Suppose 0 = -2*c, -4*n - 2*n + 4*n - 2*c = 0. What is a(n)?
6
Let d(f) = -26*f - 57. Let k be d(-2). Let i = 3 - 1. Let x(y) = 4*y + 7 + i*y + 0 + y**2. Determine x(k).
2
Let m be 5 + (-3 - 1/(-1)). Suppose -m*p = -3 + 6, 44 = 3*s - 2*p. Let b(g) = 7 + g**2 + s - 16 - 3*g. Give b(4).
9
Let g(b) = b**2 + 2*b. Let d be (12/8)/(1/(-2)). Let y be g(d). Let o(a) = 1. Let v(f) = -2*f - 4. Let s(p) = -4*o(p) - v(p). What is s(y)?
6
Suppose j + 2*j = 6. Let x(s) = 10*s - 6*s**2 + 5 + 15*s**2 - 8*s**j - 5*s. Calculate x(-4).
1
Let w(o) be the second derivative of o**3/6 - 5*o**2 + 11*o. Let i(p) = p - 10. Let j(z) = -2*i(z) + 3*w(z). What is j(-7)?
-17
Let a(g) = -g**3 - 2*g**2 + 2*g + 4. Let n(k) = -k + 27. Let f be n(23). Suppose 0 = -v + 5*v + f*m + 24, -3*v - 2*m - 15 = 0. Determine a(v).
7
Let o(g) = 14 - g**2 + g**3 + 439*g - 872*g + 432*g. Calculate o(0).
14
Let v(d) = -7*d - 1. Suppose 19*i = -6*i + 50. Calculate v(i).
-15
Let m = 35 + -31. Let p(y) = y**2 - 3*y + 3. Let b be p(m). Let s(h) = h - 6. Calculate s(b).
1
Let w be ((-2 - -4) + -2)/(-1). Let f(h) = 0*h**3 - h**3 + h**2 - h - 508 + 1026 - 513. Determine f(w).
5
Suppose -57 - 33 = -6*l. Let z(y) = -14*y - l*y + 9*y + 1. Determine z(1).
-19
Let v(w) = -w**2 - 3*w. Let q(x) = x**2 - 1. Let s(b) = -2*q(b) - v(b). Suppose 6 = 5*y + 3*i - 5, -2*y = 5*i - 12. Let j = 1 + y. Determine s(j).
4
Let v = 10 + -12. Let k be (-15)/v*56/(-21). Let f be (-8)/(-6)*(-45)/k. Let h(r) = 2*r**3 - 4*r**2 + r - 3. What is h(f)?
18
Let i(c) = 6*c**3 + 25*c**2 - 5*c + 26. Let t(g) = -g**3 - 5*g**2 + g - 5. Suppose -5*s - 51 = 4. Let f(o) = s*t(o) - 2*i(o). Let j = 10 - 5. Calculate f(j).
-2
Let q(n) = -5 + 4 - n**2 + 2 - 4*n - 2. Suppose 2 = -3*u - 13. Let v = 1 + u. Determine q(v).
-1
Let u(z) = 4*z - 14. Let k(h) = -1. Let l(g) = -3*k(g) + u(g). Let o(y) = -9*y + 21. Let p(a) = -7*l(a) - 3*o(a). What is p(6)?
8
Let s(k) = 12*k + 40. Suppose -2*h - 18 = -4*o, -3*o - 18 = 4*h - 5*o. Let y be s(h). Let g(a) = -a**3 + 4*a**2 + 2*a - 6. Give g(y).
2
Let s(x) be the second derivative of -x**5/30 - x**4/6 - x**3/2 - 17*x**2/2 + 14*x. Let r(j) be the first derivative of s(j). Determine r(-3).
-9
Suppose -3 - 2 = -4*j - z, 0 = -j - 2*z + 10. Let t be j/(-2)*(1 + -2). Let f(i) = 6*i - 22*i - 7 + 13 + 16*i + i**2. Calculate f(t).
6
Let t(b) = -2*b**2 - 27*b - 91. Let s be t(-8). Let p(r) = -r**3 - 3*r**2 + r + 8. Give p(s).
5
Let k(g) be the third derivative of g**7/2520 - g**6/360 + g**5/60 - g**4/8 - 20*g**2. Let i(a) be the second derivative of k(a). Give i(2).
2
Let y(d) = d**3 + 7*d**2 + d + 7. Let n = 6 - 9. Let f be (0 - 2)*n/2. Suppose -5*k + 12 + f = 0, k = 5*r + 38. Give y(r).
0
Let i(j) = 16*j**2 - 75*j + 75. Let f be i(1). Let g(w) = w**3 - 16*w**2 - w + 23. Calculate g(f).
7
Let x(d) be the first derivative of -1/3*d**3 - 4*d - 7 + 1/2*d**2. Calculate x(0).
-4
Let o(j) = j**3 - j**2 + j + 2. Suppose 2*w - 11 = -3. Let c(l) = 1 + 1 - l + w. Let r be c(6). What is o(r)?
2
Let p(q) = q**3 + 7*q**2 + 6*q + 3. Let y be p(-4). Suppose 0 = 3*i - y + 6. Let x(c) = -c. What is x(i)?
-7
Let b(n) = -2*n. Let a(h) be the first derivative of -2*h**2 + 4*h + 23. Let s be a(0). Determine b(s).
-8
Let i = -59 - 15. L